{"id":5112,"date":"2024-10-26T14:10:31","date_gmt":"2024-10-26T14:10:31","guid":{"rendered":"https:\/\/carlobrunner.ch\/shop\/?post_type=product&#038;p=5112"},"modified":"2025-04-17T14:54:57","modified_gmt":"2025-04-17T14:54:57","slug":"mariannes-geburtstag-walzer-12-stimme-notenbuch-zweistimmig-artikelnummer-50-55-005-dl-nb","status":"publish","type":"product","link":"https:\/\/carlobrunner.ch\/shop\/product\/mariannes-geburtstag-walzer-12-stimme-notenbuch-zweistimmig-artikelnummer-50-55-005-dl-nb\/","title":{"rendered":"Marianne&#8217;s Geburtstag Walzer 1+2. Stimme Notenbuch Zweistimmig \/ Artikelnummer: 50-55-005-DL-NB"},"content":{"rendered":"<p><strong>ZWEI STIMMIG mit Carlo Brunner &amp; Philipp Mettler<br \/>\n<\/strong><br \/>\nNach der ersten erfolgreichen CD ZWEISTIMMIG vor 20 Jahren habe ich mich entschlossen, erneut eine weitere CD<br \/>\n<strong>\u00abZWEI STIMMIG\u00bb<\/strong> mit Philipp Mettler zu produzieren.<\/p>\n<p>Die CD umfasst Kompositionen von damals bis heute.<\/p>\n<p>Ich w\u00fcnsche Euch viel Vergn\u00fcgen beim Anh\u00f6ren und Spielen der Kompositionen aus der CD \u00abZWEI STIMMIG\u00bb<br \/>\nEuer Carlo Brunner<\/p>\n","protected":false},"excerpt":{"rendered":"<p>ZWEI STIMMIG mit Carlo Brunner &amp; Philipp Mettler Nach der ersten erfolgreichen CD ZWEISTIMMIG vor 20 Jahren habe ich mich entschlossen, erneut eine weitere CD \u00abZWEI STIMMIG\u00bb mit Philipp Mettler zu produzieren. Die CD umfasst Kompositionen von damals bis heute. Ich w\u00fcnsche Euch viel Vergn\u00fcgen beim Anh\u00f6ren und Spielen der Kompositionen aus der CD \u00abZWEI [&#8230;]\n","protected":false},"featured_media":5043,"comment_status":"open","ping_status":"closed","template":"","meta":[],"product_brand":[],"product_cat":[358,141],"product_tag":[],"class_list":{"0":"post-5112","1":"product","2":"type-product","3":"status-publish","4":"has-post-thumbnail","6":"product_cat-das-notenbuch-zweistimmig-download","7":"product_cat-notenmappen","9":"first","10":"instock","11":"downloadable","12":"virtual","13":"purchasable","14":"product-type-simple"},"_links":{"self":[{"href":"https:\/\/carlobrunner.ch\/shop\/wp-json\/wp\/v2\/product\/5112","targetHints":{"allow":["GET"]}}],"collection":[{"href":"https:\/\/carlobrunner.ch\/shop\/wp-json\/wp\/v2\/product"}],"about":[{"href":"https:\/\/carlobrunner.ch\/shop\/wp-json\/wp\/v2\/types\/product"}],"replies":[{"embeddable":true,"href":"https:\/\/carlobrunner.ch\/shop\/wp-json\/wp\/v2\/comments?post=5112"}],"wp:featuredmedia":[{"embeddable":true,"href":"https:\/\/carlobrunner.ch\/shop\/wp-json\/wp\/v2\/media\/5043"}],"wp:attachment":[{"href":"https:\/\/carlobrunner.ch\/shop\/wp-json\/wp\/v2\/media?parent=5112"}],"wp:term":[{"taxonomy":"product_brand","embeddable":true,"href":"https:\/\/carlobrunner.ch\/shop\/wp-json\/wp\/v2\/product_brand?post=5112"},{"taxonomy":"product_cat","embeddable":true,"href":"https:\/\/carlobrunner.ch\/shop\/wp-json\/wp\/v2\/product_cat?post=5112"},{"taxonomy":"product_tag","embeddable":true,"href":"https:\/\/carlobrunner.ch\/shop\/wp-json\/wp\/v2\/product_tag?post=5112"}],"curies":[{"name":"wp","href":"https:\/\/api.w.org\/{rel}","templated":true}]}}